221 = m. Let z = -4399 + 4568. Let x = z + r. Is 8 a factor of x?
False
Let s = -256 - -6662. Is s a multiple of 7?
False
Let t(x) = x**2 + 14*x + 27. Suppose 35 = 8*k + 171. Let m be t(k). Suppose 0 = -3*c - 5*a + m, 3*c + 4*a - 43 = 35. Does 5 divide c?
False
Let v = -15563 - -15831. Is 9 a factor of v?
False
Suppose 5*l - 77826 = -2*r, l - 41*r - 15522 = -36*r. Is 62 a factor of l?
True
Let t = -203 + 91. Let h = -112 - t. Suppose 7*r - 1834 = -h*r. Is 21 a factor of r?
False
Let a(z) = 764*z - 761*z + 3*z**2 + 80*z**3 - 4 - 5*z**2. Does 9 divide a(2)?
False
Let o(y) = y**3 + 16*y**2 - 26*y + 43. Let a be o(-19). Let n = -390 - a. Does 78 divide n?
True
Let l(i) = -47*i - 16. Let v be l(-19). Suppose 9*a - v = 194. Does 21 divide a?
False
Let y = 77 + -74. Let n(z) = -4*z + 14*z - y*z + 3*z + 11 + 18*z**2. Is n(-3) a multiple of 13?
True
Let y be 3/12*-59 - (-6)/8. Let v(p) = -p**3 - 15*p**2 - 15*p + 2. Does 8 divide v(y)?
True
Suppose 81*q - 255*q = -7830. Is q even?
False
Let w = 10 - 5. Suppose -5*j + 30 = w*r, r + 9 = -0*r + 4*j. Suppose -2*k = -r*k + 19. Is 5 a factor of k?
False
Let h(q) = -q**3 + 13*q + 5. Let f be h(-7). Suppose -3*d - 344 = 4*i - 4*d, 0 = 3*i - d + f. Does 9 divide (i/(-4))/((-10)/(-40))?
False
Suppose 20*k + 7914 - 64614 = -8700. Is k a multiple of 22?
False
Let f be -5 + (-351 - (-5 + 1)). Let l = 426 + f. Is l a multiple of 37?
True
Let b = -548 - -788. Is 3 a factor of b?
True
Let j be (9/(-3) - 0)*142/(-3). Suppose -4*z + 2*i + 260 = 0, -2*z - 3*i - 2*i = -j. Suppose -3*t = 4*v - 74, -3*t = -v - 2*v + z. Is v a multiple of 20?
True
Let x = -11300 + 11498. Does 6 divide x?
True
Let v(k) = -k**3 + 9*k**2 - 10*k + 18. Let s be v(8). Suppose g - h + 171 = s*g, -3*g + 505 = h. Does 25 divide g?
False
Let a = 3473 + -1182. Is 13 a factor of a?
False
Suppose -8*m + 3*l = -12*m + 28362, -28368 = -4*m - 4*l. Does 10 divide m?
False
Let k be (-2 - -4)/(3 - (-185)/(-60)). Is 3 a factor of -4 - 90/k - (-1418)/8?
True
Let a(o) = -o - 4. Let i be a(-8). Let y(l) = l**3 - 7*l**2 - 8. Let u(g) = g**3 - 8*g**2 - g - 7. Let b(s) = -4*u(s) + 5*y(s). Is b(i) a multiple of 4?
True
Let t(i) = 6*i**2 + 90*i - 58. Is t(9) a multiple of 45?
False
Let g(w) = w**3 - 4*w**2 + 5*w - 10. Let c be g(4). Suppose 0 = 4*m - 6*m + c. Suppose k - 140 = -4*l, -383 = m*k + l - 1026. Is k a multiple of 28?
False
Let u = 4381 + -1731. Is u a multiple of 11?
False
Does 18 divide (-64)/(-1440)*76851 + 3/(-5)?
False
Suppose -d + 0*d + 5*x = -26, -3*d + 30 = -3*x. Suppose -d*u + 648 = -4*u + 4*i, 0 = -u - 3*i + 328. Does 66 divide u?
False
Suppose -13*r + 145647 = -60299. Does 89 divide r?
True
Suppose 326*q - 259980 = 242*q. Is 17 a factor of q?
False
Let q(f) = -1911*f + 267. Does 6 divide q(-3)?
True
Let g(f) = -f**3 + 76*f**2 - 149*f + 83. Let k be g(74). Let y = -567 + 888. Suppose k*l - y = 975. Does 36 divide l?
True
Let a(b) = 101*b**2 - 14*b + 92. Let c be a(8). Suppose 494*k - 488*k = c. Is k a multiple of 13?
False
Let c(q) = -12*q**2 + 222*q - 22. Is c(10) a multiple of 11?
False
Let j be (4 - 175/10)/(3/(-162)). Suppose 2*s = j - 117. Is s a multiple of 34?
True
Let m(f) = 88*f**3 + 17 - 87*f**3 - 2*f**2 - 12 - 15*f. Is m(9) a multiple of 21?
False
Let r(q) = -28 + 21*q + 4*q + 10*q. Does 24 divide r(8)?
False
Let j be -11*(-12)/(-9)*(-6)/2. Suppose 2*g - l - 236 = 0, 0*l = 3*g - 2*l - 355. Let u = g - j. Does 17 divide u?
False
Let n(g) = 13*g + 11 + 16 - 3 + 1. Suppose -5*l = -18*h + 22*h - 33, 3*l = -2*h + 21. Is n(l) a multiple of 13?
False
Suppose 207 - 601 = c. Let k = 458 + c. Is k a multiple of 8?
True
Suppose 3*h - 812 = -h. Suppose 3*f = 5*j - h, 3*j + f = 50 + 83. Suppose -2*g = 2*x - j - 1, 0 = -2*x - 3*g + 46. Is x a multiple of 3?
False
Let m = 3266 - 1295. Is 26 a factor of m?
False
Suppose z = 0, z - 2*z - 4 = -2*x. Let b(f) = 43*f**2 + f - 7. Let j be b(x). Suppose 3*a + 4*k - 93 = 7*k, -k = 5*a - j. Does 11 divide a?
True
Let s = 8459 + 9797. Is 326 a factor of s?
True
Let m be (-93)/(-3) + (-2 - -2). Suppose 39*b - m*b = 48. Is b*(-1)/(-2) + 3 a multiple of 6?
True
Let n = 6783 - -1113. Is n a multiple of 21?
True
Let g(v) = 4*v**3 + 15*v**2 + 44*v + 6. Let f(n) = -6*n**3 - 22*n**2 - 66*n - 8. Let w(u) = 5*f(u) + 7*g(u). Is w(-8) a multiple of 63?
True
Suppose l - 3*q - 1589 = 0, 2*l - 2*q - 1504 = 1674. Suppose 2*g - c = 793, 0*c + l = 4*g + c. Is g a multiple of 51?
False
Let m(x) = x**3 + 18*x**2 + 17*x. Let y be m(-17). Suppose -3*p + y*p + 3*d - 42 = 0, -3*d + 33 = -2*p. Is 17 a factor of 34/(21/p + 3)?
True
Let h be 72/(-45) + 2 + (-4)/10. Suppose h*g + 3*g = 573. Let r = g - 97. Does 4 divide r?
False
Suppose -2*y - 1115 = -3*h, -3*h = -4*y - 533 - 584. Suppose 0 = -4*a - p + h, 164 + 204 = 4*a + 4*p. Does 31 divide 4/18*a*27/9?
True
Suppose 35*k - 15*k = 2360. Suppose 128*x - k*x - 3990 = 0. Is x a multiple of 21?
True
Let l(k) = 110*k**2 + 3*k + 1. Let a(b) = 330*b**2 + 8*b + 2. Suppose 0 = -x + 3, 2*h + 5*x - 13 - 8 = 0. Let c(t) = h*a(t) - 8*l(t). Is c(-1) a multiple of 27?
True
Let h be ((14124/8)/11)/(3/26). Let m = -931 + h. Is m a multiple of 47?
False
Suppose -5*k + 55 = y + 201, -3*y - 3 = 0. Let l = k - -32. Is 16 a factor of 106 - (l + (1 - 0))?
False
Let n(a) = 2*a**2 + 37*a - 15. Let u be n(-19). Suppose -5*l = -5*x - 515, -3*x - 142 = -u*l + 272. Is 21 a factor of l?
True
Suppose -63 = -3*x + 12. Is 13 a factor of x/75 - (-155)/3?
True
Let b(t) = -t - 2. Suppose -6*h + h = -4*p - 17, 4*p + 5*h = 33. Let d be b(p). Is 8 a factor of (-4)/d + 21 - -2?
True
Let d = -168 - -107. Let i = d + 96. Let h = i - 13. Is 11 a factor of h?
True
Let h(t) = 49*t**2 + 7 + 4*t + t**3 - 4 + t - 53*t**2. Let l be h(5). Let j = l - 33. Does 10 divide j?
True
Suppose -3*d + 22056 = 5*r, 2*d = 10*r - 5*r - 22046. Suppose -r = -5*v - 2*i - 1597, -5*i = -4*v + 2257. Does 19 divide v?
False
Let g(r) = -2*r**3 + 67*r**2 - 161*r + 4. Does 132 divide g(29)?
True
Is 81 a factor of 2988 + (-1 + 9 - -1 - 0)?
True
Suppose 2 = b, -5*a + 3*b + b = -1567. Suppose 2*n + g = -a, -3*g - 305 = 6*n - 4*n. Let o = -64 - n. Does 16 divide o?
True
Let c(f) = f + 19. Suppose -8 = -7*h + 6. Suppose 4*t - 71 = -5*m, -4*t - m = -h*t - 31. Does 11 divide c(t)?
True
Let k = -4046 + 4205. Let l be 2/4 - (-1397)/2. Suppose -10*n - k + l = 0. Does 13 divide n?
False
Suppose -3*u + 24 = -3*k, 0 = 3*u + u + k - 17. Let m(v) = 4*v + 15 + 0*v - 8*v + u*v. Is 9 a factor of m(-6)?
True
Let h = -1908 + 5676. Is 18 a factor of h?
False
Suppose -38*z + 1267980 = -3*z. Is 57 a factor of z?
False
Let p(s) = -s**2 - 11*s + 117. Let w be p(-19). Is 6629/21 + w/(-15) a multiple of 33?
False
Does 5 divide 149 + 37/((-259)/70)?
False
Let i = -1571 + 10065. Is i a multiple of 62?
True
Suppose -11*r = r - 132. Suppose 0 = 6*y + r*y - 8619. Does 13 divide y?
True
Let s(z) = -2*z - 3. Let t(n) = -96*n + 84. Let x(i) = 6*s(i) - t(i). Does 6 divide x(3)?
True
Suppose 0 = -5*h - 15, 0 = 3*m - 11*h - 4936 - 11. Does 26 divide m?
True
Let b = -3600 + 5887. Does 10 divide b?
False
Let g be 2 + (-8)/12*3. Suppose 0 = -2*h - g*h + 154. Let n = h + -65. Is n a multiple of 8?
False
Let n(t) = 87*t**3 + 3*t**2 - 13*t - 87. Does 15 divide n(6)?
True
Let u = 979 + -2287. Let x be (2/(-6))/(1/u). Suppose 7*v = 4*m + 2*v - 583, 0 = 3*m - 4*v - x. Does 11 divide m?
False
Let s(b) = b**3 + 8*b**2 + 6. Let r be s(-8). Suppose 2*g = 4*g + r, 0 = 5*i + 3*g - 66. Suppose 0 = -5*a - 0*a - i, a = -2*j + 21. Is 10 a factor of j?
False
Let m be -2 - (-12)/24*(2 - -6). Suppose -u - 369 = -m*d, 9*d + 4*u = 7*d + 364. Is d a multiple of 10?
False
Let s(r) = 37*r - 30. Suppose 103 = -9*x + 4. Let y(g) = -19*g + 15. Let v(l) = x*y(l) - 6*s(l). Is v(-5) a multiple of 8?
True
Let o = -35521 + 37741. Does 15 divide o?
True
Suppose 0 = t + 1 - 13. Let i(x) = t*x - 2*x + 2 + x**2 - 11*x. Does 22 divide i(5)?
True
Let y = 5828 + -3639. Does 2 divide y?
False
Is 21 a factor of ((-7)/14)/((-20)/(-24))*-5345?
False
Let q = -925 + 2078. Is q a multiple of 6?
False
Suppose -5*h + 34 = 4. Let g(a) = 7*a**3 + 5*a**2 - 3*a - 9. Let w be g(3). Suppose b + w = h*b - 2*u, 2*b = 2*u + 84. Is b a multiple of 20?
False
Let g(h) = -227*h - 120. Suppose -7*s = 225 - 197. Does 27 divide g(s)?
False
Suppose 17 = 4*z - h